6?
2, 97, 12409
What are the prime factors of 7283567?
149, 48883
List the prime factors of 4290558.
2, 3, 23, 31091
What are the prime factors of 26809885?
5, 31, 269, 643
What are the prime factors of 2848488?
2, 3, 118687
What are the prime factors of 110155?
5, 22031
What are the prime factors of 255218?
2, 127609
List the prime factors of 177044.
2, 7, 6323
What are the prime factors of 511025?
5, 20441
What are the prime factors of 202418?
2, 101209
List the prime factors of 5334493.
83, 64271
What are the prime factors of 271922?
2, 7, 19423
List the prime factors of 8739696.
2, 3, 7, 19, 37
What are the prime factors of 759105?
3, 5, 5623
What are the prime factors of 7342218?
2, 3, 13, 10459
List the prime factors of 4363882.
2, 19, 23, 4993
What are the prime factors of 542478?
2, 3, 23, 3931
What are the prime factors of 23728277?
17, 1395781
What are the prime factors of 82279?
82279
List the prime factors of 14262554.
2, 83, 151, 569
What are the prime factors of 526685?
5, 105337
List the prime factors of 6928.
2, 433
List the prime factors of 4597718.
2, 17, 29, 4663
List the prime factors of 744917.
744917
List the prime factors of 204010.
2, 5, 23, 887
What are the prime factors of 80208?
2, 3, 557
What are the prime factors of 1309392?
2, 3, 7, 433
List the prime factors of 563053.
31, 41, 443
List the prime factors of 728272.
2, 23, 1979
List the prime factors of 278319.
3, 113, 821
What are the prime factors of 142824?
2, 3, 11, 541
What are the prime factors of 1576027?
283, 5569
What are the prime factors of 448731?
3, 73, 683
List the prime factors of 2402198.
2, 139, 8641
What are the prime factors of 98884?
2, 59, 419
What are the prime factors of 219734?
2, 181, 607
What are the prime factors of 700908?
2, 3, 13, 4493
What are the prime factors of 120808?
2, 15101
What are the prime factors of 1883480?
2, 5, 47087
What are the prime factors of 20439696?
2, 3, 269, 1583
List the prime factors of 780440.
2, 5, 109, 179
List the prime factors of 2965368.
2, 3, 7, 19, 929
What are the prime factors of 1308823?
199, 6577
What are the prime factors of 18094824?
2, 3, 11, 31, 67
What are the prime factors of 179159?
97, 1847
List the prime factors of 832729.
832729
What are the prime factors of 171564?
2, 3, 17, 29
What are the prime factors of 24336375?
3, 5, 7, 73, 127
What are the prime factors of 138031?
97, 1423
List the prime factors of 343363.
107, 3209
List the prime factors of 1712973.
3, 570991
What are the prime factors of 13269611?
613, 21647
List the prime factors of 389989.
389989
List the prime factors of 1071377.
1071377
List the prime factors of 203381.
203381
List the prime factors of 3843745.
5, 37, 79, 263
What are the prime factors of 1691911?
13, 130147
What are the prime factors of 24155389?
24155389
List the prime factors of 697110.
2, 3, 5, 19, 1223
What are the prime factors of 68226?
2, 3, 83, 137
List the prime factors of 1880712.
2, 3, 8707
List the prime factors of 833745.
3, 5, 11, 31, 163
What are the prime factors of 12477012?
2, 3, 109, 9539
List the prime factors of 111841.
97, 1153
List the prime factors of 2401592.
2, 317, 947
List the prime factors of 173307.
3, 41, 1409
What are the prime factors of 327884?
2, 81971
What are the prime factors of 2365165?
5, 11, 43003
What are the prime factors of 802308?
2, 3, 13, 37, 139
List the prime factors of 6733067.
11, 53, 11549
List the prime factors of 241540.
2, 5, 13, 929
What are the prime factors of 51693?
3, 17231
What are the prime factors of 723947?
7, 103421
What are the prime factors of 49155?
3, 5, 29, 113
List the prime factors of 379995.
3, 5, 7, 11, 47
List the prime factors of 1099336.
2, 7, 67, 293
List the prime factors of 4361542.
2, 29, 139, 541
What are the prime factors of 1607021?
13, 37, 257
What are the prime factors of 585351?
3, 13, 5003
What are the prime factors of 311072?
2, 9721
What are the prime factors of 43146?
2, 3, 17, 47
List the prime factors of 839923.
7, 97, 1237
What are the prime factors of 520333?
11, 47303
List the prime factors of 6195034.
2, 71, 43627
What are the prime factors of 35992?
2, 11, 409
What are the prime factors of 1481043?
3, 41, 12041
What are the prime factors of 16485366?
2, 3, 31, 263, 337
What are the prime factors of 2972132?
2, 19, 39107
List the prime factors of 11349626.
2, 23, 246731
What are the prime factors of 626054?
2, 11, 13, 199
What are the prime factors of 262519?
262519
List the prime factors of 1562561.
7, 11, 13, 223
What are the prime factors of 3602646?
2, 3, 233, 859
List the prime factors of 2047517.
2047517
List the prime factors of 1731205.
5, 7, 49463
What are the prime factors of 20750990?
2, 5, 13, 159623
What are the prime factors of 1678614?
2, 3, 7, 17, 2351
What are the prime factors of 1740797?
263, 6619
What are the prime factors of 2135887?
13, 164299
What are the prime factors of 888234?
2, 3, 317, 467
What are the prime factors of 8985102?
2, 3, 7, 31, 67, 103
What are the prime factors of 4792399?
167, 28697
List the prime factors of 7288684.
2, 13, 140167
What are the prime factors of 367079?
331, 1109
What are the prime factors of 8781594?
2, 3, 1463599
List the prime factors of 185807.
71, 2617
List the prime factors of 1954020.
2, 3, 5, 29, 1123
List the prime factors of 1279626.
2, 3, 419, 509
What are the prime factors of 14574449?
487, 29927
What are the prime factors of 30835255?
5, 11, 560641
What are the prime factors of 17473599?
3, 11, 13, 13577
List the prime factors of 5612318.
2, 79, 35521
What are the prime factors of 1735792?
2, 157, 691
List the prime factors of 2796920.
2, 5, 7, 1427
What are the prime factors of 4557700?
2, 5, 7, 17, 383
What are the prime factors of 1485591?
3, 19, 67, 389
What are the prime factors of 1126012?
2, 17, 29, 571
What are the prime factors of 3175295?
5, 97, 6547
What are the prime factors of 9675346?
2, 17, 383, 743
List the prime factors of 26903787.
3, 47, 190807
List the prime factors of 164835.
3, 5, 11, 37
List the prime factors of 259006.
2, 11, 61, 193
List the prime factors of 2888931.
3, 19, 50683
What are the prime factors of 163547?
67, 2441
List the prime factors of 548837.
548837
What are the prime factors of 763772?
2, 79, 2417
What are the prime factors of 4696492?
2, 29, 40487
List the prime factors of 19328480.
2, 5, 107, 1129
What are the prime factors of 129918?
2, 3, 59, 367
List the prime factors of 90979.
7, 41, 317
List the prime factors of 217231.
7, 31033
List the prime factors of 14955654.
2, 3, 7, 97, 3671
List the prime factors of 2794648.
2, 349331
What are the prime factors of 365358?
2, 3, 7, 8699
List the prime factors of 257402.
2, 179, 719
List the prime factors of 34541761.
34541761
What are the prime factors of 553032?
2, 3, 7681
What are the prime factors of 149627?
149627
What are the prime factors of 8646453?
3, 320239
What are the prime factors of 20901921?
3, 6967307
What are the prime factors of 29085923?
53, 548791
List the prime factors of 122020.
2, 5, 6101
List the prime factors of 7250567.
151, 48017
What are the prime factors of 6227518?
2, 11, 29, 43, 227
What are the prime factors of 13313757?
3, 23, 157, 1229
List the prime factors of 3158132.
2, 789533
What are the prime factors of 8530212?
2, 3, 710851
List the prime factors of 285105.
3, 5, 83, 229
What are the prime factors of 2138686?
2, 11, 97213
List the prime factors of 1397148.
2, 3, 173, 673
List the prime factors of 146580.
2, 3, 5, 7, 349
List the prime factors of 6208537.
6208537
List the prime factors of 378639.
3, 42071
List the prime factors of 1102683.
3, 367561
What are the prime factors of 17294741?
2137, 8093
What are the prime factors of 20226853?
20226853
What are the prime factors of 20559?
3, 7, 11, 89
What are the prime factors of 762387?
3, 47, 5407
List the prime factors of 1185206.
2, 11, 17, 3169
What are the prime factors of 159421?
159421
List the prime factors of 878531.
23, 38197
List the prime factors of 843453.
3, 13, 89
List the prime factors of 33436934.
2, 463, 36109
List the prime factors of 31904646.
2, 3, 113, 47057
List the prime factors of 94419.
3, 13, 269
List the prime factors of 5729264.
2, 358079
What are the prime factors of 32711?
7, 4673
L